{"id":1635,"date":"2022-06-20T15:19:15","date_gmt":"2022-06-20T13:19:15","guid":{"rendered":"https:\/\/team-of-art.eu\/glossary\/catalogue-dart\/"},"modified":"2022-07-21T16:42:04","modified_gmt":"2022-07-21T14:42:04","slug":"catalogue-dart","status":"publish","type":"glossary","link":"https:\/\/team-of-art.eu\/fr\/glossary\/catalogue-dart\/","title":{"rendered":"Catalogue d&rsquo;art"},"content":{"rendered":"\n<p><strong>Un catalogue d&rsquo;art<\/strong> est <strong>une liste du contenu<\/strong><br\/> d&rsquo;une collection ou d&rsquo;une s\u00e9rie d&rsquo;\u0153uvres d&rsquo;art.<br\/>&#13;\nIl est ax\u00e9 sur une seule exposition ou collection.<\/p>\n\n<p>Le conservateur peut le <strong>distribuer<\/strong><br\/>&#13;\n\u00e0 d&rsquo;autres artistes<br\/>&#13;\net collectionneurs int\u00e9ress\u00e9s.<br\/>&#13;\nLe catalogue peut \u00e9galement \u00eatre <strong>vendu<\/strong><br\/>&#13;\naux visiteurs de l&rsquo;exposition.<\/p>\n\n<p>Il peut \u00eatre imprim\u00e9 ou sous forme num\u00e9rique.<\/p>\n\n<figure class=\"wp-block-gallery has-nested-images columns-default is-cropped wp-block-gallery-1 is-layout-flex wp-block-gallery-is-layout-flex\">\n<figure class=\"wp-block-image size-large\"><a href=\"https:\/\/team-of-art.eu\/wp-content\/uploads\/2022\/06\/Catalogue_de_lexposition_permanente.jpeg\"><img loading=\"lazy\" decoding=\"async\" width=\"1024\" height=\"678\" data-id=\"2723\" src=\"https:\/\/team-of-art.eu\/wp-content\/uploads\/2022\/06\/Catalogue_de_lexposition_permanente.jpeg\" alt=\"\" class=\"wp-image-2723\" srcset=\"https:\/\/team-of-art.eu\/wp-content\/uploads\/2022\/06\/Catalogue_de_lexposition_permanente.jpeg 1024w, https:\/\/team-of-art.eu\/wp-content\/uploads\/2022\/06\/Catalogue_de_lexposition_permanente-980x649.jpeg 980w, https:\/\/team-of-art.eu\/wp-content\/uploads\/2022\/06\/Catalogue_de_lexposition_permanente-480x318.jpeg 480w\" sizes=\"(min-width: 0px) and (max-width: 480px) 480px, (min-width: 481px) and (max-width: 980px) 980px, (min-width: 981px) 1024px, 100vw\" \/><\/a><figcaption>Catalogue de l&rsquo;exposition permanente<\/figcaption><\/figure>\n\n\n<figure class=\"wp-block-image size-large\"><a href=\"https:\/\/team-of-art.eu\/wp-content\/uploads\/2022\/06\/Exhibition_Temple_of_Sciences_and_Muses_Regional_Museum_in_Olomouc_10.jpeg\"><img loading=\"lazy\" decoding=\"async\" width=\"1024\" height=\"683\" data-id=\"2731\" src=\"https:\/\/team-of-art.eu\/wp-content\/uploads\/2022\/06\/Exhibition_Temple_of_Sciences_and_Muses_Regional_Museum_in_Olomouc_10-1024x683.jpeg\" alt=\"\" class=\"wp-image-2731\" srcset=\"https:\/\/team-of-art.eu\/wp-content\/uploads\/2022\/06\/Exhibition_Temple_of_Sciences_and_Muses_Regional_Museum_in_Olomouc_10-980x653.jpeg 980w, https:\/\/team-of-art.eu\/wp-content\/uploads\/2022\/06\/Exhibition_Temple_of_Sciences_and_Muses_Regional_Museum_in_Olomouc_10-480x320.jpeg 480w\" sizes=\"(min-width: 0px) and (max-width: 480px) 480px, (min-width: 481px) and (max-width: 980px) 980px, (min-width: 981px) 1024px, 100vw\" \/><\/a><figcaption>Exposition Temple des Sciences et des Muses, mus\u00e9e r\u00e9gional d&rsquo;Olomouc<\/figcaption><\/figure>\n\n\n<figure class=\"wp-block-image size-large\"><a href=\"https:\/\/team-of-art.eu\/wp-content\/uploads\/2022\/06\/page1-920px-David_Bles_Tentoonstelling_-_September_1909_IA_davidblestentoon00bles.pdf.jpg\"><img loading=\"lazy\" decoding=\"async\" width=\"718\" height=\"1024\" data-id=\"2720\" src=\"https:\/\/team-of-art.eu\/wp-content\/uploads\/2022\/06\/page1-920px-David_Bles_Tentoonstelling_-_September_1909_IA_davidblestentoon00bles.pdf-718x1024.jpg\" alt=\"\" class=\"wp-image-2720\" srcset=\"https:\/\/team-of-art.eu\/wp-content\/uploads\/2022\/06\/page1-920px-David_Bles_Tentoonstelling_-_September_1909_IA_davidblestentoon00bles.pdf-718x1024.jpg 718w, https:\/\/team-of-art.eu\/wp-content\/uploads\/2022\/06\/page1-920px-David_Bles_Tentoonstelling_-_September_1909_IA_davidblestentoon00bles.pdf-480x685.jpg 480w\" sizes=\"(min-width: 0px) and (max-width: 480px) 480px, (min-width: 481px) 718px, 100vw\" \/><\/a><figcaption>David Bles, Tentoonstelling &#8211; Septembre 1909<\/figcaption><\/figure><\/figure>\n\n<figure class=\"wp-block-embed is-type-video is-provider-youtube wp-block-embed-youtube wp-embed-aspect-16-9 wp-has-aspect-ratio\"><div class=\"wp-block-embed__wrapper\">\r\n<iframe loading=\"lazy\" title=\"Art catalogue\" width=\"1080\" height=\"608\" src=\"https:\/\/www.youtube.com\/embed\/iCKeUFJHKMU?feature=oembed\"  allow=\"accelerometer; autoplay; clipboard-write; encrypted-media; gyroscope; picture-in-picture\" allowfullscreen><\/iframe>\r\n<\/div><\/figure>\r\n","protected":false},"excerpt":{"rendered":"<p>Un catalogue d&rsquo;art est une liste du contenu d&rsquo;une collection ou d&rsquo;une s\u00e9rie d&rsquo;\u0153uvres d&rsquo;art.&#13; Il est ax\u00e9 sur une seule exposition ou collection. Le conservateur peut le distribuer&#13; \u00e0 d&rsquo;autres artistes&#13; et collectionneurs int\u00e9ress\u00e9s.&#13; Le catalogue peut \u00e9galement \u00eatre vendu&#13; aux visiteurs de l&rsquo;exposition. Il peut \u00eatre imprim\u00e9 ou sous forme num\u00e9rique.<\/p>\n","protected":false},"featured_media":1737,"template":"","glossary_category":[87],"class_list":["post-1635","glossary","type-glossary","status-publish","has-post-thumbnail","hentry","glossary_category-conservateur"],"acf":[],"_links":{"self":[{"href":"https:\/\/team-of-art.eu\/fr\/wp-json\/wp\/v2\/glossary\/1635"}],"collection":[{"href":"https:\/\/team-of-art.eu\/fr\/wp-json\/wp\/v2\/glossary"}],"about":[{"href":"https:\/\/team-of-art.eu\/fr\/wp-json\/wp\/v2\/types\/glossary"}],"wp:featuredmedia":[{"embeddable":true,"href":"https:\/\/team-of-art.eu\/fr\/wp-json\/wp\/v2\/media\/1737"}],"wp:attachment":[{"href":"https:\/\/team-of-art.eu\/fr\/wp-json\/wp\/v2\/media?parent=1635"}],"wp:term":[{"taxonomy":"glossary_category","embeddable":true,"href":"https:\/\/team-of-art.eu\/fr\/wp-json\/wp\/v2\/glossary_category?post=1635"}],"curies":[{"name":"wp","href":"https:\/\/api.w.org\/{rel}","templated":true}]}}

<p><strong>Un catalogue d&rsquo;art</strong> est <strong>une liste du contenu</strong><br/> d&rsquo;une collection ou d&rsquo;une série d&rsquo;œuvres d&rsquo;art.<br/>&#13;
Il est axé sur une seule exposition ou collection.</p>

<p>Le conservateur peut le <strong>distribuer</strong><br/>&#13;
à d&rsquo;autres artistes<br/>&#13;
et collectionneurs intéressés.<br/>&#13;
Le catalogue peut également être <strong>vendu</strong><br/>&#13;
aux visiteurs de l&rsquo;exposition.</p>

<p>Il peut être imprimé ou sous forme numérique.</p>

<figure class="wp-block-gallery has-nested-images columns-default is-cropped wp-block-gallery-1 is-layout-flex wp-block-gallery-is-layout-flex">
<figure class="wp-block-image size-large"><a href="https://team-of-art.eu/wp-content/uploads/2022/06/Catalogue_de_lexposition_permanente.jpeg"><img loading="lazy" decoding="async" width="1024" height="678" data-id="2723" src="https://team-of-art.eu/wp-content/uploads/2022/06/Catalogue_de_lexposition_permanente.jpeg" alt="" class="wp-image-2723" srcset="https://team-of-art.eu/wp-content/uploads/2022/06/Catalogue_de_lexposition_permanente.jpeg 1024w, https://team-of-art.eu/wp-content/uploads/2022/06/Catalogue_de_lexposition_permanente-980x649.jpeg 980w, https://team-of-art.eu/wp-content/uploads/2022/06/Catalogue_de_lexposition_permanente-480x318.jpeg 480w" sizes="(min-width: 0px) and (max-width: 480px) 480px, (min-width: 481px) and (max-width: 980px) 980px, (min-width: 981px) 1024px, 100vw" /></a><figcaption>Catalogue de l&rsquo;exposition permanente</figcaption></figure>


<figure class="wp-block-image size-large"><a href="https://team-of-art.eu/wp-content/uploads/2022/06/Exhibition_Temple_of_Sciences_and_Muses_Regional_Museum_in_Olomouc_10.jpeg"><img loading="lazy" decoding="async" width="1024" height="683" data-id="2731" src="https://team-of-art.eu/wp-content/uploads/2022/06/Exhibition_Temple_of_Sciences_and_Muses_Regional_Museum_in_Olomouc_10-1024x683.jpeg" alt="" class="wp-image-2731" srcset="https://team-of-art.eu/wp-content/uploads/2022/06/Exhibition_Temple_of_Sciences_and_Muses_Regional_Museum_in_Olomouc_10-980x653.jpeg 980w, https://team-of-art.eu/wp-content/uploads/2022/06/Exhibition_Temple_of_Sciences_and_Muses_Regional_Museum_in_Olomouc_10-480x320.jpeg 480w" sizes="(min-width: 0px) and (max-width: 480px) 480px, (min-width: 481px) and (max-width: 980px) 980px, (min-width: 981px) 1024px, 100vw" /></a><figcaption>Exposition Temple des Sciences et des Muses, musée régional d&rsquo;Olomouc</figcaption></figure>


<figure class="wp-block-image size-large"><a href="https://team-of-art.eu/wp-content/uploads/2022/06/page1-920px-David_Bles_Tentoonstelling_-_September_1909_IA_davidblestentoon00bles.pdf.jpg"><img loading="lazy" decoding="async" width="718" height="1024" data-id="2720" src="https://team-of-art.eu/wp-content/uploads/2022/06/page1-920px-David_Bles_Tentoonstelling_-_September_1909_IA_davidblestentoon00bles.pdf-718x1024.jpg" alt="" class="wp-image-2720" srcset="https://team-of-art.eu/wp-content/uploads/2022/06/page1-920px-David_Bles_Tentoonstelling_-_September_1909_IA_davidblestentoon00bles.pdf-718x1024.jpg 718w, https://team-of-art.eu/wp-content/uploads/2022/06/page1-920px-David_Bles_Tentoonstelling_-_September_1909_IA_davidblestentoon00bles.pdf-480x685.jpg 480w" sizes="(min-width: 0px) and (max-width: 480px) 480px, (min-width: 481px) 718px, 100vw" /></a><figcaption>David Bles, Tentoonstelling &#8211; Septembre 1909</figcaption></figure></figure>

<figure class="wp-block-embed is-type-video is-provider-youtube wp-block-embed-youtube wp-embed-aspect-16-9 wp-has-aspect-ratio"><div class="wp-block-embed__wrapper">
<iframe loading="lazy" title="Art catalogue" width="1080" height="608" src="https://www.youtube.com/embed/iCKeUFJHKMU?feature=oembed"  allow="accelerometer; autoplay; clipboard-write; encrypted-media; gyroscope; picture-in-picture" allowfullscreen></iframe>
</div></figure>

<p>Un catalogue d&rsquo;art est une liste du contenu d&rsquo;une collection ou d&rsquo;une série d&rsquo;œuvres d&rsquo;art.&#13; Il est axé sur une seule exposition ou collection. Le conservateur peut le distribuer&#13; à d&rsquo;autres artistes&#13; et collectionneurs intéressés.&#13; Le catalogue peut également être vendu&#13; aux visiteurs de l&rsquo;exposition. Il peut être imprimé ou sous forme numérique.</p>
